he greatest common divisor of 3002193 and 11205?
747
Calculate the greatest common factor of 16765 and 227735.
5
Calculate the greatest common factor of 204 and 15468636.
12
What is the greatest common factor of 212146880 and 64?
64
What is the greatest common divisor of 870192 and 1008?
144
What is the highest common factor of 396 and 43065033?
33
What is the highest common factor of 4582176 and 59?
59
What is the highest common factor of 2708 and 21326854?
1354
What is the greatest common factor of 133553427 and 730?
73
What is the greatest common factor of 292 and 4097198?
146
What is the highest common factor of 5788304 and 15?
1
What is the greatest common factor of 46345149 and 1416?
177
Calculate the highest common divisor of 1521324 and 2408.
28
What is the highest common divisor of 116 and 4767164?
4
What is the highest common factor of 164 and 106496?
4
Calculate the greatest common factor of 940950 and 75645.
1845
Calculate the greatest common factor of 92 and 41215172.
92
What is the greatest common factor of 147079592 and 88?
88
Calculate the highest common factor of 3827130 and 3045.
435
What is the greatest common factor of 924585 and 15?
15
What is the highest common factor of 37114 and 3519082?
3374
What is the highest common divisor of 242667 and 187443?
531
What is the greatest common factor of 145653 and 423?
141
What is the greatest common factor of 63450 and 2180142?
2538
What is the highest common divisor of 5213 and 43802834?
401
Calculate the highest common divisor of 67638332 and 13408.
1676
What is the highest common factor of 1136052465 and 4445?
635
What is the highest common divisor of 1273 and 70832?
19
What is the greatest common divisor of 57150 and 684?
18
What is the greatest common divisor of 338963 and 5338000?
2669
Calculate the highest common factor of 19 and 7975991.
19
Calculate the greatest common divisor of 3430 and 75096910.
490
Calculate the greatest common factor of 205 and 4656698.
41
Calculate the highest common divisor of 13186528 and 96.
32
What is the greatest common divisor of 953429 and 10460?
523
What is the highest common factor of 152791977 and 114?
57
Calculate the greatest common factor of 4619615 and 62125.
2485
Calculate the greatest common factor of 24540229 and 602.
301
Calculate the highest common factor of 399 and 39912236.
133
What is the greatest common factor of 295 and 223471940?
295
Calculate the greatest common factor of 1171287 and 565515.
1917
Calculate the greatest common factor of 5576975 and 105868.
3781
Calculate the greatest common factor of 9063024 and 8256.
2064
Calculate the highest common factor of 1784 and 37920.
8
Calculate the greatest common factor of 89340340 and 100.
20
Calculate the highest common factor of 1227502 and 1264.
158
Calculate the greatest common divisor of 13944 and 218904.
168
What is the greatest common divisor of 263118611 and 679?
679
What is the greatest common factor of 21024 and 619478?
146
What is the greatest common factor of 4361 and 9011072?
623
Calculate the highest common divisor of 586562759 and 49828.
12457
Calculate the highest common factor of 67404 and 30668.
164
What is the greatest common factor of 18 and 120897828?
18
Calculate the highest common divisor of 10165406 and 29206.
1718
What is the highest common divisor of 299160 and 39867225?
4155
Calculate the highest common factor of 4743 and 533970.
153
What is the greatest common factor of 33280612 and 592?
148
What is the highest common factor of 4982 and 6857776?
106
Calculate the greatest common divisor of 78258349 and 561197.
11453
What is the highest common factor of 2464 and 15517964?
308
Calculate the highest common divisor of 459342 and 28054.
338
Calculate the highest common factor of 101098622 and 83446.
7586
Calculate the greatest common divisor of 122662459 and 542.
271
Calculate the highest common divisor of 47320 and 85120.
280
Calculate the greatest common factor of 1655901 and 923.
13
What is the greatest common divisor of 43 and 387875480?
43
What is the greatest common divisor of 7088 and 7086064?
16
Calculate the greatest common factor of 1706274 and 24.
6
What is the highest common factor of 11 and 1097173?
11
Calculate the highest common factor of 13060318 and 562.
562
Calculate the greatest common divisor of 6966 and 3996378.
162
What is the greatest common divisor of 1927949 and 171?
19
What is the greatest common divisor of 7138 and 1861358?
166
Calculate the highest common factor of 408849207 and 78.
39
What is the highest common factor of 1868001920 and 20?
20
Calculate the greatest common factor of 714945 and 10065.
165
What is the greatest common factor of 28288 and 2009696?
416
What is the greatest common divisor of 357 and 70630869?
51
What is the greatest common divisor of 12718687 and 796?
199
Calculate the greatest common factor of 1290348 and 17406.
18
What is the highest common factor of 24053 and 2878103?
359
What is the highest common factor of 48 and 7413174?
6
What is the greatest common divisor of 11671128 and 558?
558
Calculate the highest common divisor of 44 and 1423992196.
44
Calculate the greatest common factor of 23174351 and 562.
281
What is the highest common factor of 107864700 and 420?
60
What is the highest common divisor of 906393 and 961071?
2103
What is the highest common divisor of 23613 and 621588?
51
What is the greatest common divisor of 376077 and 78?
39
What is the greatest common divisor of 2727 and 172488?
3
What is the highest common factor of 11684 and 920644?
92
What is the greatest common divisor of 539 and 63547561?
539
What is the greatest common divisor of 494523 and 133308?
207
Calculate the highest common factor of 18909 and 33976799.
191
Calculate the greatest common factor of 22560240 and 690.
690
What is the highest common divisor of 81 and 180228213?
27
Calculate the highest common divisor of 51282 and 1504998.
198
What is the highest common factor of 5205380 and 560?
20
Calculate the highest common divisor of 117208 and 1102712.
2392
Calculate the highest common factor of 1291924 and 3442876.
6764
Calculate the greatest common factor of 1458 and 171009.
9
Calculate the highest common divisor of 9428993 and 224.
7
Calculate the highest common divisor of 4540 and 162214200.
4540
Calculate the highest common factor of 350400 and 31828.
292
What is the greatest common divisor of 45703417 and 152?
19
What is the greatest common factor of 51813660 and 40?
20
What is the highest common divisor of 126 and 36151066?
14
What is the highest common divisor of 53013972 and 696?
348
Calculate the greatest common divisor of 2328 and 2311747068.
1164
Calculate the highest common divisor of 6272 and 142184.
56
What is the greatest common divisor of 30976 and 141823?
11
What is the greatest common factor of 23250 and 1507530?
930
Calculate the highest common divisor of 994823 and 493.
17
Calculate the highest common divisor of 428 and 74597083.
107
What is the highest common divisor of 470 and 21206682?
94
Calculate the greatest common factor of 17617832 and 9352.
1336
Calculate the highest common factor of 515029801 and 143.
143
Calculate the highest common divisor of 239071 and 44485.
287
What is the greatest common factor of 8442 and 102564?
126
Calculate the highest common divisor of 576 and 15685632.
576
What is the greatest common factor of 58748841 and 81?
27
What is the highest common divisor of 33355947 and 543?
543
Calculate the highest common factor of 62 and 1664886.
62
Calculate the greatest common factor of 247483 and 13939.
263
What is the greatest common divisor of 16373331 and 234?
117
Calculate the highest common divisor of 232042657 and 7161.
2387
What is the greatest common factor of 197408 and 408208?
496
Calculate the highest common divisor of 335 and 906672140.
335
Calculate the highest common factor of 60600 and 217050.
150
Calculate the greatest common divisor of 726013718 and 1039.
1039
What is the highest common divisor of 928 and 556726108?
116
Calculate the highest common divisor of 7596212 and 416.
52
What is the greatest common divisor of 4990363 and 7?
7
Calculate the highest common divisor of 286933 and 303239.
263
What is the greatest common divisor of 3162 and 161653?
17
Calcu